(-8 - -7) + -3).
-3
What is the value of (2 - 0) + 1 + 0 + -4?
-1
Evaluate -5 + 1 + 3 - 2.
-3
What is the value of (0 - -7) + (-12 - (12 + -12))?
-5
What is the value of 4 + (-4 - -7) + -5?
2
Calculate (1 - (1 + -4)) + -3.
1
What is the value of -5 + 11 + (-5 - (0 + -2))?
3
What is the value of (-3 - (1 - 6)) + (-4 - 2)?
-4
What is the value of 8 + -12 + (9 - 8)?
-3
What is (2 - (-1 + (3 - 3))) + -2?
1
Evaluate (-2 - -6 - 0) + (-2 - 2).
0
What is the value of -2 + 1 + -6 + 3 + -2?
-6
What is the value of 4 + 4 + -6 - -2?
4
Evaluate 6 - (1 - -2 - 0).
3
Calculate -2 + (-15 - -3) + 9.
-5
What is 0 + 0 - (-1 + -3)?
4
Calculate 15 + -3 + -13 + (-3 - -13).
9
What is -1 - (-9 + -1 + 4)?
5
Evaluate 8 - (2 - (-1 - 0)).
5
What is -9 - (-5 - (1 - 1))?
-4
(-2 - (8 - 2)) + (10 - 7)
-5
Evaluate 5 + (8 - -5) + -23.
-5
What is the value of 2 - (0 - (-1 - 3))?
-2
Evaluate 1 - (-5 - -15 - 3).
-6
What is the value of -1 + (-1 - -7) - 1?
4
Calculate 8 + (-10 - (-1 + -3)).
2
Calculate 2 - (-6 - (11 - 12)).
7
1 - ((-2 - -6 - 11) + 3)
5
What is the value of 6 - (2 + -2 + 5 + -4)?
5
What is the value of -1 + -1 + (4 - (-1 - -1))?
2
-2 + -1 - (-4 - (-2 - 0))
-1
Calculate (12 - 4) + (0 - 16).
-8
Evaluate 10 - 9 - (1 + 2) - -1.
-1
What is (4 - 6 - -4) + 1?
3
What is (-1 + (-2 - -3) - 5) + 9?
4
Calculate (-3 - -1) + 3 - -1 - -1.
3
What is 9 - 16 - -10 - -3?
6
Evaluate -7 + 0 - (-2 + (-3 - -1)).
-3
Evaluate 5 - 6 - (3 + -1 + -3).
0
2 - (2 - -2 - -3) - -1
-4
What is 12 - (0 - (5 - 12))?
5
What is 2 + -3 - (4 - (2 + 1))?
-2
4 - (-3 + (0 - -3) + 1)
3
1 + (-4 - (6 - 5))
-4
What is 7 + 4 + (-5 - (6 + -7))?
7
What is the value of 6 - (16 + -8 - 10)?
8
Calculate (8 - 11) + 8 - 10.
-5
(8 - 8) + -6 - (1 - 6)
-1
-55 + 65 - (0 - -12)
-2
(3 - -5 - (6 - 5)) + -1
6
5 + (-5 - 0) + -4
-4
What is the value of (-8 - -17) + -17 - -8?
0
Calculate -4 + 6 + 2 + -6.
-2
What is -4 + 2 - (-4 - -1)?
1
What is 3 + 2 - (5 - 1)?
1
Evaluate -5 - (-3 + 0 + -6 + 9).
-5
What is the value of 4 + (-3 - (-2 - 2))?
5
Evaluate 4 + (-2 - 3 - (7 + -8)).
0
-8 + 2 + 5 - -6
5
What is (-1 - -3) + (11 - 12)?
1
4 + 0 + 0 + 1
5
1 - (4 + (-9 - -10))
-4
What is the value of 3 + (-5 + (2 - 3) - -5)?
2
Calculate 1 + 1 + (38 - 41).
-1
Calculate (-4 - -2) + 7 + (-8 - -6).
3
-6 + (3 - 2) - -9
4
1 - 1 - (3 + -1 - 2)
0
Evaluate 9 - 14 - (1 - 9).
3
What is the value of 7 + -11 + 4 - -6?
6
Evaluate -3 - (0 + -10 + -10 + 14).
3
What is 4 - ((1 - 3) + 13)?
-7
Calculate 0 + -2 + -24 + 23.
-3
-8 - (-2 + 2 + -4)
-4
What is the value of 2 + 2 - (6 - (7 - 3))?
2
Evaluate -1 + -5 + (3 - (-4 - -3)).
-2
What is the value of -3 + (-3 - 1) + 16?
9
What is the value of 10 - 1 - 10 - (1 + -3)?
1
Evaluate -2 - (2 + 0 - 6).
2
(-15 + -2 - -9) + 11
3
Calculate (-1 - 2) + (1 - -1).
-1
18 + -14 - (-3 - -6)
1
Calculate -1 + 1 + (-7 - -6).
-1
Evaluate (-4 - -3) + -3 + (69 - 73).
-8
What is the value of -8 - -15 - 6 - -1?
2
Calculate (-2 + 4 - 3) + 6 - 5.
0
What is (-9 - -17 - 8) + 1 + 1?
2
What is -10 + (-4 - (-7 - 4))?
-3
What is (1 - -3 - (-27 - -20)) + -7?
4
What is 13 + -13 - ((1 - -1) + -9)?
7
Calculate -3 + -1 + (6 - (-3 + 1)).
4
Evaluate -11 + 6 + (10 - 6).
-1
Evaluate -4 + 7 + (0 - 0).
3
What is 7 - 12 - (-9 + 4)?
0
Calculate (-17 + 1 - -8) + 3 + 1.
-4
Calculate (1 - 1) + 3 - (0 - -1).
2
Evaluate 5 + -1 - (-3 + (2 - -3)).
2
Calculate 8 + -4 + -3 + -5.
-4
What is the value of 5 + 0 + 5 + -4?
6
Calculate 2 - 10 - (-14 - -12).
-6
What is the value of 3 - 10 - 5 - -5?
-7
What is the value of -9 - (1 - (6 - (-3 + 4)))?
-5
Calculate -1 - 2 - (-8 + 0 + 5).
0
What is the value of -2 - ((8 - 4) + -9 + 0)?
3
Evaluate -2 + -2 + 3 + -1 + -1.
-3
-1 - 4 - (0 - (-3 - -3))
-5
-6 + 7 + 0 + (1 - 6)
-4
Evaluate (-1 - -1) + -11 + (-10 - -20).
-1
Evaluate (3 - 11 - -5) + 6 + 0.
3
What is the value of -2 - -1 - (-1 + 2) - -6?
4
What is 0 + 5 + -4 - (0 - 4)?
5
Calculate 2 + 3 + (28 - 30).
3
What is the value of -4 + (-1 + -4 - -10)?
1
-14 - (0 + -6 + 23 + -23)
-8
Calculate -11 + 10 + -14 + 11.
-4
Calculate 1 - -5 - 3 - (-2 + 6).
-1
5 + -4 + -4 + 6
3
What is the value of -16 + 20 - (2 - 1)?
3
Evaluate -4 + 5 + (11 - 12).
0
Evaluate -9 - (-8 + 5 + -7).
1
What is the value of 5 - (-3 - (-3 - 4))?
1
What is the value of 2 - (5 - (-5 - -13))?
5
What is the value of (11 + -3 - 8) + 3 + 0?
3
What is (-1 - 4) + -138 + 136?
-7
Evaluate 0 - (1 + 3 + -8).
4
What is the value of -1 + 3 - -1 - (-1 + 1)?
3
What is -7 + (7 - (-2 + 7))?
-5
-49 + 50 + (-1 - (0 + 0))
0
What is the value of -3 + (2 - 0) + -2 - 1?
-4
What is the value of (0 + -2 - -6) + -3 + -2?
-1
(10 - (-2 - -6)) + (-4 - -3)
5
What is -15 + 15 + (1 - -1) + -1?
1
Calculate 8 + 0 + -9 + (-8 - -2).
-7
Calculate (-9 - -15) + (1 - 2).
5
What is the value of 3 + -1 + 6 + -8?
0
What is (-3 - (-1 - 3) - -2) + -7?
-4
(-3 - (-11 - 6)) + -8
6
What is -6 - (-1 - -3) - (7 + -5)?
-10
Evaluate -4 - (-2 - (-1 - -1)).
-2
What is (2 - 0) + -1 + -3?
-2
What is the value of (-5 + 2 - -10) + (3 - 8)?
2
Evaluate -1 + (4 + -9 - -10).
4
What is the value of (263 - 261) + -5 + -1?
-4
What is the value of 4 - (3 - 0) - (-2 - 2)?
5
Evaluate -4 - (-10 - (-3 - 2 - -4)).
5
-2 - (5 + 3 + -6)
-4
What is (-1 + 3 - 2) + 3 - 1?
2
What is 6 + 1 - (-3 + (9 - 5))?
6
What is the value of -6 + 4 + -3 + 2 + 5?
2
What is 6 + 0 + -4 - -3?
5
-4 - 4 - (-3 + 0)
-5
(-9 - -13) + (5 - 16)
-7
Evaluate 4 + (-8 - -1) - (-7 + 0).
4
What is 12 - (9 + -10) - (7 - 0)?
6
What is 2 - (-10 + -6 + 10 - -1)?
7
What is the value of -5 + (-3 - -3) + 13 + -5?
3
Calculate 3 - -6 - (-4 - -7).
6
What is 6 - (-5 + (4 - 6) + 8)?
5
Evaluate 11 + (4 - (-6 - -16)).
5
-9 + 13 + (0 - 4)
0
Evaluate 0 - ((2 - 11) + -1 + 5).
5
Calculate -3 + (-9 - -7) - -6.
1
(2 - -8 - 6) + -2 + 0
2
Evaluate 1 + (0 + 10 - 6).
5
Calculate 4 - (0 - (-6 - (-6 - -6))).
-2
16 - 13 - 1 - (-1 + 5)
-2
-4 + -1 + -4 + (-9 - -21)
3
What is the value of 9 + -14 + 9 - -4?
8
What is the value of 2 + (7 - 11 - -6)?
4
Calculate -12 - (-7 + 1 - 3).
-3
What is -6 - -12 - 4 - (3 - 3)?
2
Calculate (5 + -4 - 6) + 2.
-3
2 - (0 + -1) - 1 - 5
-3
What is the value of (3 - (12 + -4)) + 9?
4
-28 + 32 - (2 - (2 - 1))
3
What is 69 - 61 - (6 + 1)?
1
(5 - 5) + (-7 - -3)
-4
What is the value of 2 - ((-5 - -9) + -4)?
2
What is the value of 0 + (7 - 0) + (19 - 25)?
1
Evaluate (-1 - 3) + (1 - -5).
2
What is the value of -1 + (3 - (0 - -4))?
-2
What is the value of 3 - (6 - (7 + -5))?
-1
What is the value of -6 + 8 + -9 + 9?
2
What is the value of (-8 - (-4 - 1)) + 4?
1
What is 3 + 3 + -2 + -3?
1
What is the value of (6 - 9) + (5 - (2 + 2))?
-2
Evaluate 0 + -2 - -6 - 4.
0
Calculate (8 - 16) + 7 + -2.
-3
-2 + (0 - -4 - 1) - -3
4
Calculate 3 + -6 + -2 + 3.
-2
What is -3 - -8 - (4 + 0) - 7?
-6
What is -4 + 1 + 2 - (-23 - -25)?
-3
What is -2 - 0 - -6 - 7?
-3
What is (3 + 11 - 16) + (-1 - -13)?
10
Evaluate (-1 - -3) + (-2 - 2) - 4.
-6
Evaluate -4 + 30 + -13 - 13.
0
What is -2 + 4 - (1 + 3 + 0)?
-2
Evaluate 0 + -3 + 9 + (7 - 10).
3
Calculate (-10 - -10) + -2 + -9.
-11
Evaluate -2 + 4 + -3 - (2 + 0).
-3
Calculate (-15 - -5 - -7) + 6.
3
Evaluate 3 - (1 - (1 + -2 + 1)).
2
(-4 - (-6 + 6 + -18)) + -5
9
Evaluate 1 + (2 + -3 - -1) + 0.
1
Evaluate 2 + 2 - (-1 - (-7 - 2)).
-4
Calculate 5 - (0 + (-1 - 3) - -4).
5
What is (0 - -10 - 13) + -5?
-8
Calculate 8 - (-7 - 2 - -12).
5
What is -1 + (-1 - 2) - (-2 + 2)?
-4
What is 3 + (-12 - (-5 + (10 - 7)))?
-7
Calculate -1 + 2 + -1 + 6 + -9.
-3
Evaluate (-2 - (-6 - -7)) + 6.
3
What is the value of 10 + 4 + (-23 - -14)?
5
Calculate -7 + 10 + -8 - -2.
-3
What is the value of 9 + -18 - -10 - -9?
10
-8 - (-9 + (16 - (5 + 2)))
-8
What is the value of (-6 + 11 - 12) + 11?
4
What is (-1 - -5) + 2 + -9?
-3
What is the value of 9 + 1 + (-11 - -7) + -12?
-6
Calculate -3 + 1 + 5 + -4 + 0.
-1
What is the value of 11 + -7 + 2 + -16?
-10
Evaluate (-4 + 0 - -4) + 2 + -4.
-2
1 - (6 + -6 + 0)
1
Evaluate (-3 + 2 + -1 - 1) + -2.
-5
What is the value of -6 + (-4 - (1 + -17)) + 5?
11
Calculate -1 - 1 - (-4 - -6 - 7).
3
What is -1 + 0 - (2 - 6)?
3
Evaluate (-2 + 4 - 1) + -6.
-5
Calculate (-6 - (-2 + 4)) + 2 - 4.
-10
(5 - -3 - 14) + 18 - 7
5
What is the value of -3 - -3 - (-2 - 5) - 0?
7
What is -8 + 2 + -1 + 4 + -3?
-6
-2 - (-2 - (-1 - (-3 - -5)))
-3
What is 7 - (-13 - -7) - 14?
-1
What is 4 + -3 + (0 - 1)?
0
Calculate -1 + -7 + 5 + -